e tens digit of 78523?
2
What is the tens digit of 17075?
7
What is the units digit of 3402?
2
What is the tens digit of 5447?
4
What is the tens digit of 31716?
1
What is the hundreds digit of 58700?
7
What is the hundreds digit of 13327?
3
What is the tens digit of 12408?
0
What is the thousands digit of 42151?
2
What is the thousands digit of 1426?
1
What is the units digit of 120862?
2
What is the ten thousands digit of 19513?
1
What is the thousands digit of 66732?
6
What is the tens digit of 66182?
8
What is the tens digit of 591?
9
What is the hundreds digit of 7908?
9
What is the thousands digit of 12762?
2
What is the units digit of 4624?
4
What is the hundred thousands digit of 120324?
1
What is the tens digit of 1199?
9
What is the ten thousands digit of 78124?
7
What is the tens digit of 36199?
9
What is the tens digit of 23394?
9
What is the hundreds digit of 2296?
2
What is the tens digit of 148?
4
What is the tens digit of 2817?
1
What is the units digit of 5012?
2
What is the tens digit of 3712?
1
What is the thousands digit of 4089?
4
What is the units digit of 941?
1
What is the units digit of 1506?
6
What is the tens digit of 9123?
2
What is the hundreds digit of 636?
6
What is the units digit of 2463?
3
What is the units digit of 5388?
8
What is the hundreds digit of 1105?
1
What is the units digit of 10927?
7
What is the hundreds digit of 658?
6
What is the ten thousands digit of 44155?
4
What is the thousands digit of 16162?
6
What is the hundreds digit of 5521?
5
What is the thousands digit of 24729?
4
What is the units digit of 3102?
2
What is the tens digit of 2367?
6
What is the hundreds digit of 39264?
2
What is the thousands digit of 6903?
6
What is the tens digit of 10750?
5
What is the units digit of 7382?
2
What is the hundreds digit of 2966?
9
What is the units digit of 17378?
8
What is the thousands digit of 2159?
2
What is the units digit of 65949?
9
What is the hundreds digit of 443?
4
What is the ten thousands digit of 17514?
1
What is the units digit of 3856?
6
What is the units digit of 2674?
4
What is the thousands digit of 3416?
3
What is the thousands digit of 2104?
2
What is the thousands digit of 1623?
1
What is the hundreds digit of 1842?
8
What is the units digit of 101110?
0
What is the units digit of 647?
7
What is the hundreds digit of 18785?
7
What is the tens digit of 13509?
0
What is the ten thousands digit of 68600?
6
What is the units digit of 43857?
7
What is the tens digit of 839?
3
What is the tens digit of 86?
8
What is the units digit of 8154?
4
What is the units digit of 51825?
5
What is the ten thousands digit of 11824?
1
What is the hundreds digit of 465?
4
What is the hundreds digit of 75456?
4
What is the thousands digit of 26739?
6
What is the tens digit of 26148?
4
What is the thousands digit of 46388?
6
What is the units digit of 1961?
1
What is the hundreds digit of 12137?
1
What is the hundreds digit of 328?
3
What is the hundreds digit of 40998?
9
What is the tens digit of 4253?
5
What is the tens digit of 3194?
9
What is the thousands digit of 17891?
7
What is the tens digit of 3788?
8
What is the units digit of 7494?
4
What is the hundreds digit of 10913?
9
What is the thousands digit of 3260?
3
What is the tens digit of 474?
7
What is the hundreds digit of 1250?
2
What is the thousands digit of 93500?
3
What is the units digit of 13592?
2
What is the hundreds digit of 10829?
8
What is the hundreds digit of 697?
6
What is the tens digit of 1121?
2
What is the units digit of 30888?
8
What is the hundreds digit of 7527?
5
What is the thousands digit of 1102?
1
What is the ten thousands digit of 12210?
1
What is the hundreds digit of 9346?
3
What is the units digit of 3193?
3
What is the hundreds digit of 27189?
1
What is the units digit of 2167?
7
What is the tens digit of 491?
9
What is the tens digit of 25521?
2
What is the tens digit of 2876?
7
What is the tens digit of 465?
6
What is the hundreds digit of 287?
2
What is the hundreds digit of 29352?
3
What is the units digit of 5959?
9
What is the thousands digit of 4280?
4
What is the units digit of 2984?
4
What is the thousands digit of 1987?
1
What is the tens digit of 9186?
8
What is the hundreds digit of 8094?
0
What is the hundreds digit of 20038?
0
What is the tens digit of 5282?
8
What is the hundreds digit of 9626?
6
What is the units digit of 16355?
5
What is the hundreds digit of 70464?
4
What is the hundreds digit of 580?
5
What is the units digit of 56152?
2
What is the tens digit of 5988?
8
What is the thousands digit of 3385?
3
What is the hundreds digit of 144?
1
What is the ten thousands digit of 49022?
4
What is the hundreds digit of 1045?
0
What is the hundreds digit of 9306?
3
What is the thousands digit of 21796?
1
What is the tens digit of 3418?
1
What is the thousands digit of 2894?
2
What is the ten thousands digit of 46096?
4
What is the thousands digit of 1302?
1
What is the hundreds digit of 480?
4
What is the units digit of 1183?
3
What is the hundreds digit of 326?
3
What is the thousands digit of 2930?
2
What is the hundreds digit of 2692?
6
What is the tens digit of 513?
1
What is the ten thousands digit of 26769?
2
What is the units digit of 26875?
5
What is the units digit of 635?
5
What is the units digit of 2209?
9
What is the thousands digit of 3424?
3
What is the hundreds digit of 17299?
2
What is the ten thousands digit of 90796?
9
What is the units digit of 493?
3
What is the thousands digit of 5293?
5
What is the hundreds digit of 235?
2
What is the tens digit of 7500?
0
What is the tens digit of 48?
4
What is the ten thousands digit of 29842?
2
What is the tens digit of 156?
5
What is the tens digit of 2946?
4
What is the ten thousands digit of 78142?
7
What is the tens digit of 1953?
5
What is the hundreds digit of 83536?
5
What is the hundreds digit of 1335?
3
What is the tens digit of 2452?
5
What is the hundreds digit of 1266?
2
What is the tens digit of 376?
7
What is the hundreds digit of 19729?
7
What is the tens digit of 1843?
4
What is the hundreds digit of 1319?
3
What is the tens digit of 30796?
9
What is the tens digit of 60?
6
What is the units digit of 92?
2
What is the thousands digit of 1458?
1
What is the thousands digit of 23821?
3
What is the tens digit of 1856?
5
What is the tens digit of 13327?
2
What is the thousands digit of 2993?
2
What is the hundreds digit of 20538?
5
What is the ten thousands digit of 45423?
4
What is the units digit of 943?
3
What is the hundreds digit of 9369?
3
What is the hundreds digit of 262?
2
What is the hundreds digit of 20032?
0
What is the tens digit of 2457?
5
What is the units digit of 2046?
6
What is the tens digit of 48?
4
What is the units digit of 1716?
6
What is the tens digit of 981?
8
What is the tens digit of 2178?
7
What is the hundreds digit of 4450?
4
What is the tens digit of 107?
0
What is the hundreds digit of 266?
2
What is the thousands digit of 1244?
1
What is the units digit of 56363?
3
What is the tens digit of 4271?
7
What is the units digit of 445?
5
What is the units digit of 1483?
3
What is the tens digit of 5245?
4
What is the tens digit of 26460?
6
What is the thousands digit of 64278?
4
What is the tens digit of 8224?
2
What is the hundreds digit of 506?
5
What is the thousands digit of 6133?
6
What is the thousands digit of 5605?
5
What is the hundreds digit of 15740?
7
What is the tens digit of 1086?
8
What is the thousands digit of 10461?
0
What is the ten thousands digit of 148051?
4
What is the units digit of 5483?
3
What is the hundreds digit of 452?
4
What is the thousands digit of 32037?
2
What is the tens digit of 973?
7
What is the units digit of 9258?
8
What is the units digit of 3729?
9
What is the tens digit of 1414?
1
What is the hundreds digit of 1088?
0
What is the hundreds digit of 967?
9
What is the units digit of 53945?
5
What is the tens digit of 6010?
1
What is the hundreds digit of 771?
7
What is the hundreds digit of 18332?
3
What is the tens digit of 121?
2
What is the hundreds digit of 10551?
5
What is the tens digit of 38483?
8
What is the thousands digit of 5822?
5
What is the thousands digit of 4227?
4
What is the hundreds digit of 1692?
6
What is the thousands digit o